e
Is 16829551205 prime?
False
Is 148579804761 prime?
False
Is 11818046401 composite?
True
Is 6323156731 a composite number?
True
Is 2210198369 composite?
False
Is 277063351 a composite number?
True
Is 1611628153 composite?
False
Is 1504411169 composite?
False
Is 1704158147 a composite number?
True
Is 3660470773 composite?
False
Is 100900685591 a composite number?
True
Is 54917817889 a composite number?
True
Is 15455125681 prime?
False
Is 4031969099 a composite number?
False
Is 87556644601 prime?
False
Is 345705301 prime?
False
Is 3916829989 a composite number?
False
Is 51290567 a composite number?
True
Is 1277721815 prime?
False
Is 14432000053 prime?
True
Is 53122030981 a prime number?
True
Is 1358283569 composite?
True
Is 645300763 composite?
True
Is 41614345417 a composite number?
True
Is 33881623907 a prime number?
False
Is 21077276317 a prime number?
True
Is 139547413 composite?
True
Is 4955305007 composite?
False
Is 194710169 a prime number?
False
Is 993399907 a prime number?
False
Is 882400157 a prime number?
True
Is 5246310505 composite?
True
Is 144572405 prime?
False
Is 241958461 composite?
True
Is 2871116051 composite?
True
Is 703019971 composite?
False
Is 5137450537 prime?
False
Is 4022009741 a composite number?
False
Is 5723716547 a prime number?
True
Is 599772479 composite?
True
Is 47558525303 a composite number?
False
Is 3635518001 a composite number?
False
Is 346755599 prime?
False
Is 36087172643 a prime number?
True
Is 50881180181 composite?
True
Is 4921213783 prime?
False
Is 24544062523 composite?
False
Is 1303902807 prime?
False
Is 460436107 composite?
True
Is 794407351 a composite number?
False
Is 1257673247 a composite number?
True
Is 1256259143 composite?
True
Is 20729913853 composite?
True
Is 2675653657 prime?
True
Is 1121665819 a composite number?
False
Is 4122265271 prime?
True
Is 37152305317 prime?
True
Is 28013099 a composite number?
False
Is 12016424899 a prime number?
True
Is 1825763627 composite?
False
Is 581870609 composite?
True
Is 41697292817 a composite number?
False
Is 4027078739 composite?
False
Is 1366449281 prime?
True
Is 450382453 a composite number?
True
Is 5066781301 composite?
False
Is 1713488909 a composite number?
True
Is 1392352603 a composite number?
True
Is 11715423347 a prime number?
False
Is 2080885967 a composite number?
False
Is 2421084979 composite?
False
Is 74596093771 composite?
False
Is 2149726769 a composite number?
False
Is 176338619 a composite number?
False
Is 14545601503 a composite number?
False
Is 126143573 a prime number?
True
Is 13634146433 a prime number?
False
Is 4107656771 a composite number?
True
Is 3549020231 prime?
True
Is 5955242707 composite?
True
Is 324844049 prime?
False
Is 3062070493 a composite number?
False
Is 15835731971 prime?
True
Is 2480469297 composite?
True
Is 41747213731 a prime number?
False
Is 163549995001 a composite number?
False
Is 36325537 composite?
True
Is 37036139951 a composite number?
True
Is 316232689 prime?
False
Is 42975629 a prime number?
True
Is 16186621229 composite?
True
Is 3132913517 prime?
False
Is 80720315009 composite?
False
Is 38668369969 prime?
True
Is 61681130493 prime?
False
Is 413951731 a prime number?
True
Is 2789512319 prime?
False
Is 1739873261 composite?
True
Is 13996876603 a prime number?
True
Is 5624155057 prime?
True
Is 243433584857 a composite number?
True
Is 523513267 a prime number?
False
Is 930053203 composite?
False
Is 9359393299 a composite number?
True
Is 742019692759 composite?
False
Is 1079052477 a prime number?
False
Is 216257941 prime?
False
Is 4057956817 a composite number?
True
Is 540388241 prime?
False
Is 32655181997 prime?
False
Is 35152838419 prime?
True
Is 2677315903 a prime number?
True
Is 397043107 a composite number?
False
Is 359596693 a composite number?
False
Is 71794781581 a composite number?
True
Is 58630388909 a composite number?
True
Is 8273983943 composite?
False
Is 6928810753 a composite number?
True
Is 154227253 a prime number?
True
Is 12040314289 a prime number?
True
Is 884518403 prime?
False
Is 20097837677 a composite number?
False
Is 5235011321 composite?
False
Is 369428357 prime?
False
Is 45730537 a prime number?
True
Is 393020801 prime?
True
Is 23000553089 prime?
True
Is 4928129027 a prime number?
True
Is 170674351 a prime number?
False
Is 884311919 composite?
True
Is 43469681159 a composite number?
False
Is 81389177 composite?
False
Is 915656327 composite?
False
Is 406958519 a prime number?
False
Is 31012169 composite?
False
Is 992729687 composite?
True
Is 1791726637 a composite number?
False
Is 14266001081 composite?
True
Is 295159289 a composite number?
True
Is 77525293 a prime number?
True
Is 16273463 composite?
False
Is 98567796251 prime?
False
Is 58419958385 a prime number?
False
Is 721255271 prime?
False
Is 275790791 prime?
True
Is 19169655961 a composite number?
False
Is 999190009 composite?
True
Is 253475059 prime?
True
Is 3741108139 prime?
False
Is 11425955701 prime?
True
Is 11535916153 a prime number?
False
Is 83375501 prime?
False
Is 5173928987 composite?
True
Is 68659823191 composite?
True
Is 222451047959 a composite number?
True
Is 180172041563 a prime number?
True
Is 1485217211 a prime number?
False
Is 3720921757 a prime number?
False
Is 5063317877 a composite number?
False
Is 38231992927 a composite number?
True
Is 47448607981 prime?
False
Is 56646320957 a composite number?
True
Is 1495029931 a composite number?
True
Is 50738503 composite?
False
Is 171494441 prime?
True
Is 541372603 a composite number?
False
Is 57791257 a prime number?
True
Is 11657213981 composite?
True
Is 628342157 a composite number?
False
Is 1779880229 a prime number?
False
Is 232272683 prime?
False
Is 23285464471 a prime number?
False
Is 3997240769 composite?
False
Is 396314089 a prime number?
False
Is 9322936943 prime?
False
Is 2241685319 prime?
True
Is 41712747377 composite?
True
Is 43384914941 composite?
True
Is 9931552457 a prime number?
True
Is 751370833 a composite number?
False
Is 3805032503 prime?
True
Is 3786298223 composite?
False
Is 1939858513 composite?
True
Is 4229247887 prime?
True
Is 3080384897 prime?
True
Is 1890366547 prime?
True
Is 81349307219 composite?
True
Is 28362034933 a prime number?
True
Is 12834563603 composite?
True
Is 4273576031 a prime number?
True
Is 83366723393 a prime number?
True
Is 37164050839 prime?
False
Is 284852107 composite?
False
Is 2573532887 composite?
True
Is 102574033 a composite number?
False
Is 1401360461 a composite number?
False
Is 5681856898 prime?
False
Is 908076431 composite?
False
Is 18345100063 prime?
False
Is 2667076651 composite?
True
Is 594363559 a prime number?
True
Is 9401803259 prime?
True
Is 4608481763 prime?
True
Is 35366346227 prime?
False
Is 4526564837 prime?
True
Is 544140637 a composite number?
False
Is 5679138111 prime?
False
Is 234388331 a prime number?
False
Is 1916233621 a composite number?
False
Is 559829693 a composite number?
True
Is 86826323 a composite number?
True
Is 6335572379 prime?
False
Is 4265173607 a prime number?
True
Is 2805668119 prime?
True
Is 191275219 prime?
True
Is 273257293 a composite number?
False
Is 377030113 a composite number?
False
Is 5464891309 prime?
True
Is 4034093287 composite?
True
Is 2803342601 prime?
True
Is 1763817262 prime?
False
Is 1833610283 a composite number?
True
Is 807183577 a prime number?
True
Is 4567816217 prime?
True
Is 3826299731 prime?
False
Is 4960378987 composite?
False
Is 62122079159 composite?
True
Is 104626131 composite?
True
Is 27943991591 composite?
False
Is 99006414713 composite?
False
Is 2416341883 a composite number?
True
Is 2043402251 prime?
False
Is 95279069 composite?
False
Is 1839240817 a composite number?
False
Is 25934866481 composite?
False
Is 1355872109 a composite number?
False
Is 4429074745 prime?
False
Is 19592586901 prime?
True
Is 57820082 a prime number?
False
Is 755598299 composite?
True
Is 1515230807 a composite number?
False
Is 106257024139 a composite number?
True
Is 10109508359 prime?
True
Is 1368698587 prime?
False
Is 950674121 prime?
False
Is 1918100801 composite?
True
Is 372641923 a prime number?
True
Is 3153402895 a prime number?
False
Is 31880566474 a composite number?
True
Is 22879603 a prime number?
False
Is 12628597087 a composite number?
True
Is 65672478